 = -4*a**3 + a**2 - 12*a + 7. What is s(-4)?
327
Let f(s) = -19*s**3 + 132*s**2 - 5*s + 32. Give f(7).
-52
Let m(a) = -6*a - 312. Give m(-52).
0
Let j(c) = -c**3 - 39*c**2 - 144*c + 947. Determine j(-34).
63
Let g(m) = -35*m - 1080. Give g(-32).
40
Let a(x) = 3*x**2 + 61*x + 310. Calculate a(-10).
0
Let q(i) = 2*i**3 + 42*i**2 + 114*i - 4. What is q(-18)?
-112
Let i(o) = -2*o**2 + 25*o + 3. Give i(15).
-72
Let u(m) = 17*m**2 - 280*m + 114. What is u(16)?
-14
Let k(t) = -627*t - 10013. Calculate k(-16).
19
Let n(g) = -13*g + 82. What is n(9)?
-35
Let o(l) = -l**2 + 704*l + 6425. Determine o(-9).
8
Let w(j) = -j**3 + 23*j**2 - 42*j - 4. Determine w(21).
-4
Let p(i) = 3*i**3 + 53*i**2 + 82*i + 26. Calculate p(-16).
-6
Let r(j) = -578*j - 3424. Calculate r(-6).
44
Let k(g) = 11*g + 65. Calculate k(5).
120
Let y(i) = -i**2 + 54*i + 71. Determine y(57).
-100
Let r(d) = -277*d - 3549. Calculate r(-13).
52
Let d(l) = -231*l - 2333. Determine d(-10).
-23
Let a(m) = -m**3 - 6*m**2 + 2*m - 7. What is a(-5)?
-42
Let g(k) = 41*k - 1009. Determine g(25).
16
Let c(s) = 56*s - 2169. Determine c(39).
15
Let u(q) = 51*q**2 - 120*q + 36. Give u(2).
0
Let p(q) = 2*q**3 - 15*q**2 - 19*q - 13. Determine p(10).
297
Let w(d) = d**2 + 69*d + 1096. What is w(-39)?
-74
Let w(z) = -z**3 - 10*z**2 - 17*z - 15. Give w(-9).
57
Let i(a) = -a**3 - 51*a**2 + 52*a - 10. What is i(-52)?
-10
Let x(r) = 145*r + 1574. What is x(-9)?
269
Let w(s) = s**2 - 24*s + 70. Give w(21).
7
Let p(r) = r**2 - 63*r - 2188. What is p(88)?
12
Let t(r) = r**3 + 167*r**2 + 1018*r + 8384. Determine t(-161).
12
Let x(n) = -n**2 - n + 99. Calculate x(-10).
9
Let m(g) = 5459*g + 10924. What is m(-2)?
6
Let a(i) = 6*i**2 + 158*i - 106. Calculate a(-25).
-306
Let b(u) = u**2 - 33*u + 141. Give b(13).
-119
Let a(u) = -245*u - 965. Calculate a(-4).
15
Let x(l) = -78*l - 1333. What is x(-17)?
-7
Let q(p) = -156*p**2 + 779*p - 7. What is q(5)?
-12
Let y(r) = -2*r**2 - 104*r - 102. What is y(-1)?
0
Let q(u) = -u**3 + 79*u**2 - 139. Determine q(79).
-139
Let n(y) = -y**2 + 109*y + 3924. Determine n(138).
-78
Let g(x) = 2*x**3 - 2*x**2 - 3*x - 1. Give g(3).
26
Let y(f) = -88*f - 628. What is y(-7)?
-12
Let t(f) = f**3 - 2*f**2 - 21*f + 12. Determine t(-4).
0
Let w(a) = a**3 - 8*a**2 - 207*a + 12. What is w(-11)?
-10
Let k(d) = -d**3 - 48*d**2 - 479*d - 15. Calculate k(-14).
27
Let v(t) = -3*t**3 + 15*t**2 + 85*t + 89. Calculate v(-2).
3
Let y(q) = -149*q - 3729. Give y(-25).
-4
Let m(t) = -334*t - 9704. Determine m(-29).
-18
Let c(m) = -165*m + 5113. What is c(31)?
-2
Let j(n) = 3*n**2 - 57*n - 277. Determine j(-4).
-1
Let p(h) = h**3 + 9*h**2 - h - 3. Give p(-11).
-234
Let z(u) = 425*u - 5948. Give z(14).
2
Let c(f) = 53*f - 104. Determine c(4).
108
Let v(x) = -x**3 - 57*x**2 - 172*x - 114. What is v(-54)?
426
Let x(q) = q**2 + 432*q + 12090. Determine x(-30).
30
Let n(q) = -q**2 + 6*q + 44. Give n(-3).
17
Let x(q) = 27*q**3 + 5*q**2 - 2*q + 1. Give x(2).
233
Let p(f) = 201*f + 9483. Calculate p(-47).
36
Let o(h) = -40*h - 51. Give o(-9).
309
Let k(i) = 540*i - 5411. What is k(10)?
-11
Let y(r) = -3*r**2 - 11*r - 30. Determine y(-10).
-220
Let z(g) = -g**3 - 75*g**2 - 650*g + 2. Give z(-65).
2
Let p(o) = o**2 + 2*o - 191. Determine p(-15).
4
Let n(s) = -s**2 - 83*s - 1710. Give n(-37).
-8
Let v(l) = -l**3 + 9*l**2 - 22*l + 8. Give v(5).
-2
Let i(s) = s**3 - 49*s**2 - 58*s + 282. Calculate i(50).
-118
Let s(g) = g**3 + 3*g + 2. Calculate s(-2).
-12
Let y(i) = -i**3 + 3*i**2 + 2*i + 35. Determine y(5).
-5
Let v(u) = -u**3 - 5*u**2 + 321*u + 977. Calculate v(-3).
-4
Let r(d) = -d**2 + 40*d - 120. Give r(50).
-620
Let w(t) = t**3 - 74*t**2 - 71*t - 303. Calculate w(75).
-3
Let a(z) = -226*z - 1370. Give a(-7).
212
Let l(f) = f**2 - 2*f + 34. Give l(-7).
97
Let k(c) = 2*c**2 - 4*c - 801. Give k(-19).
-3
Let s(u) = u**3 - 52*u**2 - 168*u - 10. What is s(-3)?
-1
Let b(f) = -2*f**2 - 7*f + 34. What is b(-11)?
-131
Let h(p) = -29*p - 1837. Determine h(-50).
-387
Let l(t) = 645*t - 19312. What is l(30)?
38
Let j(o) = -1522*o - 6046. Determine j(-4).
42
Let s(v) = -568*v + 4590. Give s(8).
46
Let p(x) = -x**2 + 29*x + 45. Give p(0).
45
Let b(n) = 6*n**2 - 87*n - 2402. What is b(-14)?
-8
Let r(z) = 4*z**3 + 30*z**2 - 2*z + 45. What is r(-8)?
-67
Let g(q) = q**3 - 14*q**2 + 39*q + 97. What is g(8)?
25
Let h(g) = g**3 - 10*g**2 - 16*g + 4. Calculate h(13).
303
Let w(s) = -2039*s + 6119. What is w(3)?
2
Let o(z) = -2*z**2 - 26*z + 1218. Calculate o(22).
-322
Let b(p) = p**2 + 18*p + 154. Give b(-26).
362
Let d(c) = c**3 + 27*c**2 - 10*c + 500. Give d(-28).
-4
Let j(d) = -16*d**2 + 159*d + 5. What is j(10)?
-5
Let i(q) = -q**3 + 20*q**2 + 29*q + 327. What is i(22)?
-3
Let q(r) = -r**3 - 10*r**2 - 21*r - 27. Give q(-9).
81
Let n(r) = 7*r**3 - 88*r**2 - 210*r + 2204. Give n(13).
-19
Let f(b) = -7*b**3 - b**2 - 2*b + 2. What is f(-1)?
10
Let v(z) = -9*z - 223. Calculate v(-15).
-88
Let v(f) = 399*f - 3579. What is v(9)?
12
Let u(n) = -n**3 + 14*n**2 - 10*n - 5. Calculate u(13).
34
Let o(k) = k**3 - 10*k**2 + 7*k + 29. Give o(9).
11
Let k(l) = -2*l**2 - 24*l - 44. Determine k(-12).
-44
Let z(x) = -16*x**2 + 24*x - 14. Calculate z(1).
-6
Let j(x) = 103*x**3 + 3*x**2 - 5*x + 3. Determine j(1).
104
Let d(m) = -1263*m + 1259. Determine d(1).
-4
Let n(t) = -43*t**2 - 303*t - 3. Calculate n(-7).
11
Let x(u) = u**3 - 13*u**2 - u + 9. What is x(4)?
-139
Let o(b) = b**2 + 702*b + 14311. What is o(-21)?
10
Let u(a) = 2*a**2 - 51*a + 207. Give u(5).
2
Let i(j) = -277*j + 8030. Determine i(29).
-3
Let f(m) = 205*m + 419. Give f(-2).
9
Let k(n) = 4*n**2 - 10*n - 101. Calculate k(-4).
3
Let c(r) = 2*r**3 + 11*r**2 - 17*r - 19. What is c(-8)?
-203
Let b(z) = -68*z + 61. Calculate b(-1).
129
Let v(n) = -2*n**2 + 89*n + 4997. Give v(77).
-8
Let r(h) = 254*h + 1605. What is r(-6)?
81
Let v(u) = -u**2 + 20*u + 692. Calculate v(38).
8
Let l(b) = -11*b + 32. Give l(-4).
76
Let d(n) = -8*n**2 + 22*n + 13. Give d(6).
-143
Let v(j) = 33*j + 39. What is v(2)?
105
Let a(n) = n**3 - 5*n**2 - 2964*n + 4. Determine a(57).
4
Let m(c) = -c**3 - 315*c**2 - 1245*c - 313. Calculate m(-311).
-2
Let i(o) = -9*o**2 + 32*o - 35. What is i(6)?
-167
Let z(l) = 694*l + 7622. Give z(-11).
-12
Let x(u) = 4*u**3 - 8*u + 70. Determine x(-4).
-154
Let u(c) = -c**3 - 30*c**2 + 30*c + 59. What is u(-31)?
90
Let i(s) = -21*s**2 + 4*s + 33. Give i(-4).
-319
Let m(k) = 2*k**3 - k**2 + 12*k - 73. What is m(6)?
395
Let t(g) = -2*g**3 - 24*g**2 + 19*g - 42. Determine t(-13).
49
Let k(c) = 45*c + 540. Determine k(-12).
0
Let i(d) = d**2 + 24*d - 16. Calculate i(-11).
-159
Let m(p) = -p**2 - 16*p + 128. Give m(-31).
-337
Let j(c) = -2*c**2 - c + 121. What is j(10)?
-89
Let z(d) = 3*d**3 - 87*d**2 + 450*d + 38. Give z(7).
-46
Let n(l) = -l**3 - 8*l**2 - 18*l - 4. Give n(-4).
4
Let u(v) = 2*v**3 + 8*v**2 + 2*v - 26. Give u(2).
26
Let v(d) = -d**3 + 114*d**2 - 1038*d - 208. Give v(104).
0
Let k(o) = -o**3 - 27*o**2 - 26*o - 1. What is k(-1)?
-1
Let k(z) = z**2 - 128*z + 1484. Give k(13).
-11
Let g(o) = o**3 - 20*o**2 - 629*o + 4. Give g(-17).
4
Let i(k) = -909*k + 2806. Give i(3).
79
Let z(h) = 38*h**3 - 4528*h**2 + 712*h + 238. Give z(119).
0
Let t(c) = 2*c**3 - c**2 + 215. Determine t(0).
215
Let v(d) = -d**3 + 96*d**2 - 5*d + 434. Determine v(96).
-46
Let x(u) = 156*u + 1569. Determine x(-10).
9
Let l(o) = 1896*o + 26544. Determine l(-14).
0
Let g(u) = u**3 - 16*u**2 - 6*u + 44. Give g(16).
-52
Let o(w) = -22*w**2 - 292*w - 915. What is o(-5)?
-5
Let j(k) = 6*k**2 + 5*k - 57. What is j(3)?
12
Let h(p) = -p**3 - 13*p**2 - 62. What is h(-13)?
-62
Let u(g) = -6938*g + 13882. What is u(2)?
6
Let i(t) = 4*t**2 + 188*t + 127. What is i(-44)?
-401
Let f(z) = -2*z**3 - 11*z**2 + 24*z + 49. Determine f(-8).
177
Let w(r) = 18*r - 475. Calculate w(41).
263
Let a(g) = 92*g + 393. What is a(9)?
1221
Let j(w) = -335*w + 5. What is j(1)?
-330
Let v(w) = 12*w + 1336. What is v(-110)?
16
Let m(v) = -2*v**2 - 8*v + 58. What is m(-7)?
16
Let s(l) = l**3 + 141*l**2 - 424*l + 1150. What is s(-144)?
-2
Let u(a) = 305*a - 52. Determine u(-1).
-357
Let s(g) = -g**3 - 22*g**2 - 16*g + 20. Calculate s(-21).
-85
Let g(j) = -3*j**2 - 74*j - 65. Calculate g(-18).
295
Let t(r) = r**3 + 8*r**2 - 5*r - 15. Give 